1 composite?
True
Is 2821681 prime?
True
Is 3555599 composite?
False
Is 668537 a prime number?
False
Is 281938043 a composite number?
True
Is 7981999 composite?
False
Is 12157687 composite?
True
Is 677914483 prime?
False
Is 1404233 composite?
True
Is 920907899 prime?
False
Is 87462917 a prime number?
False
Is 164303 a composite number?
True
Is 1458817 a prime number?
True
Is 743174371 a prime number?
True
Is 94425113 a composite number?
True
Is 8439383 a composite number?
False
Is 177757 a prime number?
False
Is 39203209 a composite number?
False
Is 1647179 a prime number?
True
Is 11876773 a composite number?
False
Is 6131143 a composite number?
True
Is 14327317 prime?
True
Is 30607391 prime?
True
Is 1003298291 a composite number?
True
Is 24644149 composite?
True
Is 198053147 composite?
True
Is 3200837 a prime number?
True
Is 6790237 a composite number?
False
Is 69888473 a composite number?
False
Is 15933481 composite?
True
Is 1908589 a prime number?
False
Is 1911944413 a composite number?
False
Is 134633027 a prime number?
False
Is 230219 a prime number?
False
Is 6185503 prime?
True
Is 12607667 a prime number?
True
Is 5529109 a composite number?
False
Is 147833993 composite?
True
Is 33461047 a composite number?
False
Is 361956947 a composite number?
True
Is 580969 prime?
True
Is 1240553 a prime number?
True
Is 652083 prime?
False
Is 18552481 composite?
False
Is 77210321 prime?
True
Is 38804147 a prime number?
True
Is 6006029 composite?
False
Is 108677927 a composite number?
True
Is 748169 composite?
False
Is 518393 prime?
False
Is 306313433 composite?
False
Is 26928601 a prime number?
False
Is 5004799 a composite number?
False
Is 67523 a prime number?
True
Is 524057023 composite?
True
Is 14770447 a prime number?
True
Is 67544581 composite?
True
Is 3253447 prime?
False
Is 28530763 composite?
False
Is 5443001 prime?
False
Is 229837301 prime?
True
Is 284634767 composite?
False
Is 9351457 a composite number?
False
Is 223169101 a composite number?
False
Is 3497051 a prime number?
True
Is 4398809 a composite number?
True
Is 484843 a prime number?
False
Is 338357323 composite?
True
Is 5518967 a prime number?
True
Is 855499 a composite number?
False
Is 1195979 a prime number?
True
Is 6499147 composite?
False
Is 34352509 prime?
True
Is 18272689 a composite number?
True
Is 2786071 a composite number?
True
Is 4663201 a prime number?
True
Is 8730847 composite?
False
Is 10762 composite?
True
Is 194767273 composite?
False
Is 234316889 prime?
False
Is 99203983 composite?
True
Is 9566147 a composite number?
False
Is 28734919 a composite number?
False
Is 16950419 prime?
True
Is 57785863 composite?
False
Is 26823449 prime?
False
Is 3054793 composite?
True
Is 51160799 composite?
True
Is 4126261 composite?
False
Is 1789091 a composite number?
False
Is 18712293 a prime number?
False
Is 57211067 composite?
False
Is 701819 composite?
False
Is 4192913 composite?
True
Is 2332199 a composite number?
True
Is 703581473 prime?
False
Is 3069379 a composite number?
False
Is 30009709 composite?
True
Is 26178137 prime?
False
Is 73994521 a prime number?
True
Is 21999301 composite?
False
Is 407354027 a composite number?
True
Is 67809229 prime?
True
Is 200312633 composite?
False
Is 7115279 prime?
True
Is 6407491 a prime number?
True
Is 1905493 a prime number?
True
Is 520317833 a prime number?
False
Is 22517039 composite?
False
Is 58166161 a composite number?
False
Is 419077 a composite number?
True
Is 222444503 composite?
False
Is 60767689 composite?
False
Is 2592983 a prime number?
True
Is 164517149 composite?
True
Is 2391673 a composite number?
True
Is 353117 a composite number?
False
Is 11025211 a composite number?
True
Is 88944117 prime?
False
Is 17046823 a prime number?
False
Is 649647803 composite?
True
Is 12574981 composite?
False
Is 2983441 composite?
False
Is 7582277 a prime number?
True
Is 21792539 a prime number?
True
Is 1431849839 composite?
True
Is 4499701 a prime number?
False
Is 3145913 a prime number?
True
Is 11468063 a prime number?
True
Is 555278723 a composite number?
True
Is 124853167 a composite number?
False
Is 4016773 a composite number?
False
Is 81249283 a composite number?
False
Is 258793253 a prime number?
False
Is 1457549 a prime number?
False
Is 6486751 a prime number?
True
Is 1881413 prime?
False
Is 537850867 prime?
True
Is 2819701 a prime number?
True
Is 125189413 a prime number?
True
Is 176631841 composite?
False
Is 11880793 a prime number?
False
Is 16362539 prime?
False
Is 1987673 composite?
False
Is 46518523 prime?
False
Is 114130123 a composite number?
False
Is 36016601 a composite number?
False
Is 49551617 a prime number?
False
Is 5510731 a prime number?
False
Is 2751137 composite?
False
Is 27271942 prime?
False
Is 2853647 a composite number?
False
Is 924959 a prime number?
False
Is 89592991 prime?
False
Is 152909 prime?
True
Is 8305221 a composite number?
True
Is 8177626 composite?
True
Is 2540261 a prime number?
True
Is 28820107 a composite number?
True
Is 39877537 composite?
True
Is 881635 prime?
False
Is 53862131 composite?
True
Is 32924459 a composite number?
True
Is 5299697 a composite number?
True
Is 786407 a composite number?
False
Is 9538861 a prime number?
True
Is 120474397 a prime number?
False
Is 27217261 prime?
True
Is 6107119 a composite number?
False
Is 2437121 prime?
True
Is 48665449 composite?
True
Is 5453957 composite?
True
Is 647399 prime?
True
Is 1155149 composite?
False
Is 6434573 prime?
False
Is 438600391 composite?
True
Is 2112821 composite?
False
Is 5478542 a composite number?
True
Is 7293661 prime?
False
Is 9458899 composite?
False
Is 1856867 a composite number?
True
Is 20285151 a prime number?
False
Is 22064659 prime?
False
Is 143809053 a composite number?
True
Is 7978479 a composite number?
True
Is 581531 composite?
True
Is 23713 a composite number?
True
Is 496298197 a prime number?
False
Is 737572111 composite?
True
Is 1369747 a composite number?
False
Is 2943107 composite?
True
Is 31741747 a composite number?
True
Is 969154 a prime number?
False
Is 67024577 composite?
False
Is 27223361 prime?
False
Is 9365351 prime?
False
Is 1307183 a prime number?
True
Is 386439241 a prime number?
True
Is 165569 a prime number?
True
Is 15069931 a composite number?
False
Is 3590107 prime?
False
Is 973314133 a prime number?
False
Is 47917691 prime?
True
Is 152130649 prime?
False
Is 21563611 a prime number?
True
Is 25764527 composite?
False
Is 48667893 a composite number?
True
Is 40433993 a prime number?
False
Is 87434099 composite?
True
Is 3677441 prime?
True
Is 1058711 a composite number?
False
Is 432343 composite?
False
Is 5311301 a composite number?
False
Is 157209317 a prime number?
True
Is 6447913 a prime number?
False
Is 26139 a prime number?
False
Is 69822994 a prime number?
False
Is 1790239 prime?
False
Is 802919329 composite?
True
Is 16769 a prime number?
False
Is 65646761 composite?
True
Is 17237177 a prime number?
False
Is 111672553 a composite number?
True
Is 11690303 a composite number?
True
Is 1017671 prime?
False
Is 67908229 a prime number?
True
Is 384663361 a prime number?
True
Is 1145617 a prime number?
False
Is 76133929 a composite number?
False
Is 17820431 a prime number?
False
Is 575837 prime?
True
Is 11446961 a composite number?
True
Is 149050001 a composite number?
False
Is 67900753 composite?
False
Is 28307903 a composite number?
True
Is 66281429 prime?
False
Is 6665987 a prime number?
True
Is 1269773 prime?
False
Is 455954471 a prime number?
False
Is 49867751 prime?
True
Is 11955353 composite?
False
Is 32555947 a composite number?
False
Is 49282283 composite?
True
Is 28821989 a prime number?
False
Is 216255803 prime?
True
Is 3353927 composite?
False
Is 13288187 prime?
False
Is 776989 composite?
True
Is 848297 a composite number?
False
Is 513431 a prime number?
True
Is 8421767 prime?
False
Is 153499 prime?
True
Is 289210583 composite?
False
Is 32656703 a prime number?
True
Is 8919803 prime?
True
Is 254574707 a composite number?
False
Is 34597887 a composite number?
True
Is 1060861 a composite number?
False
Is 4797809 prime?
False
Is 5679877 composite?
True
Is 705451333 prime?
True
Is 696773013 prime?
False
Is 45906539 a composite number?
True
Is 323163097 a prime number?
False
Is 136237 composite?
False
I